{"id":1957,"date":"2020-07-21T10:13:30","date_gmt":"2020-07-21T08:13:30","guid":{"rendered":"http:\/\/aepedi.org\/?page_id=1957"},"modified":"2020-07-23T12:41:31","modified_gmt":"2020-07-23T10:41:31","slug":"escuela-espanola-de-esqui-y-snowboard-de-cerler","status":"publish","type":"page","link":"https:\/\/aepedi.org\/?page_id=1957","title":{"rendered":"Escuela Espa\u00f1ola de Esqu\u00ed y Snowboard de Cerler"},"content":{"rendered":"<p><a href=\"https:\/\/aepedi.org\/wp-content\/uploads\/2020\/07\/Logos-web-aepedi.jpg\"><img loading=\"lazy\" class=\"aligncenter size-large wp-image-1577\" src=\"https:\/\/aepedi.org\/wp-content\/uploads\/2020\/07\/Logos-web-aepedi-1024x293.jpg\" alt=\"logos-web-aepedi\" width=\"800\" height=\"229\" \/><\/a><\/p>\n<p>La Escuela de Esqu\u00ed y Snowboard de Cerler\u00a0naci\u00f3 junto con la Estaci\u00f3n de esqu\u00ed de Cerler en 1971.<\/p>\n<p>En la actualidad contamos con m\u00e1s de 80 profesores con titulaci\u00f3n oficial como T\u00e9cnicos Deportivos de Deportes de Invierno.<\/p>\n<blockquote><p>Somos una escuela que estamos a la vanguardia en la t\u00e9cnica de la ense\u00f1anza, no solo del esqu\u00ed alpino sino de otras modalidades como el snowboard, freestyle, freeride, telemark, esqu\u00ed de monta\u00f1a.<\/p><\/blockquote>\n<p><a href=\"https:\/\/aepedi.org\/wp-content\/uploads\/2020\/07\/EEE-CERLER-2.jpg\"><img loading=\"lazy\" class=\"aligncenter wp-image-1959\" src=\"https:\/\/aepedi.org\/wp-content\/uploads\/2020\/07\/EEE-CERLER-2-1024x562.jpg\" alt=\"eee-cerler-2\" width=\"1400\" height=\"768\" srcset=\"https:\/\/aepedi.org\/wp-content\/uploads\/2020\/07\/EEE-CERLER-2-1024x562.jpg 1024w, https:\/\/aepedi.org\/wp-content\/uploads\/2020\/07\/EEE-CERLER-2-300x165.jpg 300w\" sizes=\"(max-width: 1400px) 100vw, 1400px\" \/><\/a><\/p>\n<p>Cuenta con profesores especializados en feestyle, freeride, iniciaci\u00f3n y perfeccionamiento a la competici\u00f3n, preparaci\u00f3n de las pruebas de acceso a cursos de t\u00e9cnico deportivo, as\u00ed como clases para personas con alg\u00fan tipo de discapacidad o minusval\u00eda. Gracias a la amplia experiencia y continua renovaci\u00f3n t\u00e9cnica y did\u00e1ctica de\u00a0sus profesores, garantiza un aprendizaje r\u00e1pido y completo para todos los niveles a trav\u00e9s de una gran oferta de servicios y actividades.<\/p>\n<p>Seg\u00fan sus palabras:<\/p>\n<p><em>\u00abNuestro objetivo no se limita simplemente a impartir las clases, sino que tambi\u00e9n ofrecemos nuestro asesoramiento sobre material t\u00e9cnico. Podemos facilitar cualquier tipo de informaci\u00f3n que necesite referente a nuestro valle, ya que nuestros profesores residen en \u00e9l habitualmente y poseen un amplio conocimiento del mismo y as\u00ed conseguir que el alumno adem\u00e1s de disfrutar con seguridad del esqu\u00ed comparta una agradable experiencia con nosotros.\u00bb<\/em><\/p>\n<p>&nbsp;<\/p>\n<p><strong>Enlaces de inter\u00e9s:<\/strong><\/p>\n<p><a href=\"http:\/\/www.escuelaesquicerler.com\/es\/content\/7-historia-de-la-escuela-\" target=\"_blank\">Web de la escuela<\/a><\/p>\n","protected":false},"excerpt":{"rendered":"<p>La Escuela de Esqu\u00ed y Snowboard de Cerler\u00a0naci\u00f3 junto con la Estaci\u00f3n de esqu\u00ed de Cerler en 1971. En la<\/p>\n","protected":false},"author":2,"featured_media":0,"parent":0,"menu_order":0,"comment_status":"closed","ping_status":"closed","template":"","meta":[],"_links":{"self":[{"href":"https:\/\/aepedi.org\/index.php?rest_route=\/wp\/v2\/pages\/1957"}],"collection":[{"href":"https:\/\/aepedi.org\/index.php?rest_route=\/wp\/v2\/pages"}],"about":[{"href":"https:\/\/aepedi.org\/index.php?rest_route=\/wp\/v2\/types\/page"}],"author":[{"embeddable":true,"href":"https:\/\/aepedi.org\/index.php?rest_route=\/wp\/v2\/users\/2"}],"replies":[{"embeddable":true,"href":"https:\/\/aepedi.org\/index.php?rest_route=%2Fwp%2Fv2%2Fcomments&post=1957"}],"version-history":[{"count":2,"href":"https:\/\/aepedi.org\/index.php?rest_route=\/wp\/v2\/pages\/1957\/revisions"}],"predecessor-version":[{"id":2258,"href":"https:\/\/aepedi.org\/index.php?rest_route=\/wp\/v2\/pages\/1957\/revisions\/2258"}],"wp:attachment":[{"href":"https:\/\/aepedi.org\/index.php?rest_route=%2Fwp%2Fv2%2Fmedia&parent=1957"}],"curies":[{"name":"wp","href":"https:\/\/api.w.org\/{rel}","templated":true}]}}