{"id":1647,"date":"2020-07-17T11:56:13","date_gmt":"2020-07-17T09:56:13","guid":{"rendered":"http:\/\/aepedi.org\/?page_id=1647"},"modified":"2025-02-19T19:00:00","modified_gmt":"2025-02-19T18:00:00","slug":"productos","status":"publish","type":"page","link":"https:\/\/aepedi.org\/?page_id=1647","title":{"rendered":"Productos"},"content":{"rendered":"<p><a href=\"https:\/\/aepedi.org\/wp-content\/uploads\/2020\/07\/Logos-web-aepedi.jpg\"><img loading=\"lazy\" class=\"aligncenter size-large wp-image-1577\" src=\"https:\/\/aepedi.org\/wp-content\/uploads\/2020\/07\/Logos-web-aepedi-1024x293.jpg\" alt=\"logos-web-aepedi\" width=\"800\" height=\"229\" \/><\/a><\/p>\n<p style=\"text-align: justify;\"><strong>Consideraciones previas:<\/strong><\/p>\n<p style=\"text-align: justify;\">La marca<strong> A.E.P.E.D.I.<\/strong>\u00a0 y su logotipo constituyen\u00a0 parte\u00a0 de\u00a0 la\u00a0\u00a0<strong>Marca Registrada<\/strong>\u00a0 N\u00ba 2.143.896 y N\u00ba 3.034.666 , Registradas en la Oficina Espa\u00f1ola de Patentes y Marcas.<\/p>\n<p style=\"text-align: justify;\"><a title=\"Ministerio de Industria, Energ\u00eda y Turismo\" href=\"http:\/\/www.minetur.gob.es\/\" target=\"_blank\" rel=\"noopener\"><img class=\"min aligncenter\" src=\"http:\/\/www.oepm.es\/export\/sites\/oepm\/comun\/imagenes\/Integrado_MITYC.gif\" alt=\"Ministerio de Industria, Energ\u00eda y Turismo\" \/><\/a><br \/>\n<img class=\"patentes aligncenter\" src=\"http:\/\/www.oepm.es\/export\/sites\/oepm\/comun\/imagenes\/OEPM.jpg\" alt=\"OEPM\" \/><\/p>\n<p style=\"text-align: justify;\">La autorizaci\u00f3n para su uso y el modo de utilizaci\u00f3n, queda establecido por el \u201cReglamento de uso de Logotipos\u201d de\u00a0AEPEDI\u00a0 y que a continuaci\u00f3n se reproduce en el siguiente enlace: <a href=\"https:\/\/aepedi.org\/wp-content\/uploads\/2025\/02\/2Reglamento-Uso-Logos.pdf\" target=\"_blank\" rel=\"noopener\">Reglamento de uso de logos<\/a>.<\/p>\n<p style=\"text-align: justify;\"><em>El uso indebido podr\u00e1 llevar a\u00a0\u00a0las acciones legales previstas en los art\u00edculos 40 y 41\u00a0de la\u00a0<strong>Ley de Marcas<\/strong>.\u00a0Dicha demanda \u00a0no solo se podr\u00eda basar\u00a0 en la infracci\u00f3n del derecho de marca, sino tambi\u00e9n en actos de competencia desleal: actos de confusi\u00f3n, actos de imitaci\u00f3n y aprovechamiento de reputaci\u00f3n ajena, todos ellos previsto en los\u00a0<a href=\"http:\/\/convelia.com\/wp-content\/uploads\/2011\/04\/ART-6-11-Y-12-LCD.pdf\" target=\"_blank\" rel=\"noopener\">Art. 6,11 y 12 de la\u00a0Ley de Competencia Desleal 29\/2009<\/a>, que modifica la Ley de Competencia Desleal de 3\/1991, de 10 de enero.<\/em><\/p>\n<p style=\"text-align: justify;\">La Marca<strong> ISIA<\/strong>\u00a0se identifica con el logotipo \u201cISIA\u201d que\u00a0constituye una<strong> Marca Registrada<\/strong>, en el registro suizo de marcas comerciales con el n\u00famero 422486.<\/p>\n<p style=\"text-align: justify;\">El logotipo de la ISIA s\u00f3lo puede ser utilizado por las asociaciones nacionales miembros representantes de ISIA en sus territorios y por las escuelas de esqu\u00ed (entidades adscritas) y los instructores que pertenezcan asociados en activo. Dicho uso deber\u00e1 realizarse en las condiciones estipuladas (ver\u00a0<a href=\"https:\/\/aepedi.org\/wp-content\/uploads\/2025\/02\/2Reglamento-Uso-Logos.pdf\" target=\"_blank\" rel=\"noopener\">reglamento de uso de logos<\/a>).<\/p>\n<p style=\"text-align: justify;\">El logotipo de\u00a0 ISIA s\u00f3lo se puede utilizar junto con el logotipo de la asociaci\u00f3n nacional a la que pertenezca el instructor de esqu\u00ed o la entidad adscrita\u00a0(Reglamento de uso de Logos).<\/p>\n<p><strong><span style=\"text-decoration: underline;\">Productos A.E.P.E.D.I.<\/span><\/strong><\/p>\n<p><span style=\"text-align: justify; color: initial;\">Los productos no incluyen margen comercial, por lo que AEPEDI no obtiene beneficio de ellos, la AEPEDI es simple gestor y tenedor de los mismos, para tramitar y enviar los pedidos solicitados de los socios, cobr\u00e1ndose exclusivamente su coste de stock m\u00e1s el\u00a0 coste de embalaje y coste de env\u00edo (exclusivamente a territorio espa\u00f1ol) a los asociados que lo soliciten.\u00a0 Al no ser una venta de productos ni obtener\u00a0 beneficio\u00a0 AEPEDI por su distribuci\u00f3n, no se emite factura ya que no constituye una venta, sino una gesti\u00f3n de almacenamiento y env\u00edo de productos\u00a0 exclusivamente a asociados.<\/span><\/p>\n<div class=\"sa-source-wrapper\">\n<div class=\"sa-source-wrapper\" style=\"text-align: justify;\">Est\u00e1n disponibles exclusivamente, para Profesores y Entrenadores asociados as\u00ed como para las Escuelas adscritas. Disponemos de distintos productos licenciados: Adhesivos, Insignias de Aepedi, Insignias de profesor niveles ISIA, parches de tela, Parches adhesivos para casco, etc&#8230;<\/div>\n<\/div>\n<div class=\"sa-source-wrapper\" style=\"text-align: justify;\"><\/div>\n<div class=\"sa-source-wrapper\" style=\"text-align: justify;\"><\/div>\n<div class=\"sa-source-wrapper\">\n<div class=\"sa-source-wrapper\" style=\"text-align: justify;\"><img loading=\"lazy\" class=\"aligncenter size-medium wp-image-2182\" src=\"https:\/\/aepedi.org\/wp-content\/uploads\/2020\/07\/logo-tela-relieve-e1595489355321-300x220.jpg\" alt=\"logo-tela-relieve\" width=\"300\" height=\"220\" srcset=\"https:\/\/aepedi.org\/wp-content\/uploads\/2020\/07\/logo-tela-relieve-e1595489355321-300x220.jpg 300w, https:\/\/aepedi.org\/wp-content\/uploads\/2020\/07\/logo-tela-relieve-e1595489355321.jpg 592w\" sizes=\"(max-width: 300px) 100vw, 300px\" \/><\/div>\n<div class=\"sa-source-wrapper\" style=\"text-align: justify;\"><\/div>\n<div class=\"sa-source-wrapper\" style=\"text-align: center;\">\n<h4><a href=\"https:\/\/aepedi.org\/wp-content\/uploads\/2022\/02\/Catalogo-2017_18_c.pdf\">CAT\u00c1LOGO de productos A.E.P.E.D.I.\u00a0<\/a><\/h4>\n<\/div>\n<div class=\"sa-source-wrapper\" style=\"text-align: justify;\"><\/div>\n<div class=\"sa-source-wrapper\" style=\"text-align: justify;\"><\/div>\n<p><strong>Productos ISIA<\/strong><\/p>\n<\/div>\n<p>Las insignias\/Pins de ISIA s\u00f3lo podr\u00e1n solicitartas los miembros de AEPEDI que dispongan del sello ISIA en vigor, o de la Isia Card en vigor, con una antiguedad m\u00ednima de pertenencia seguida a AEPEDI\u00a0 de 3 temporadas (incluida la temporada actual) y que cumplan con la normativa <strong>ISIA Quality Standard <\/strong>para la obtenci\u00f3n del sello ISIA de nivel ISIA Stamp.<\/p>\n<p><a href=\"https:\/\/aepedi.org\/wp-content\/uploads\/2016\/12\/LOGO_ISIA_klein.bmp\"><img loading=\"lazy\" class=\"aligncenter size-full wp-image-188\" src=\"https:\/\/aepedi.org\/wp-content\/uploads\/2016\/12\/LOGO_ISIA_klein.bmp\" alt=\"logo_isia_klein\" width=\"283\" height=\"217\" \/><\/a><\/p>\n<p style=\"text-align: justify;\"><strong><span style=\"text-decoration: underline;\">Pin\u00a0(<\/span>Mod.1<span style=\"text-decoration: underline;\">)<\/span>\u00a0<\/strong>: <em>10\u20ac\u00a0 (Incluido preparaci\u00f3n, embalaje y env\u00edo Certificado exclusivamente a territorio espa\u00f1ol))<\/em><\/p>\n<p class=\"sa-source-wrapper\" style=\"text-align: justify;\">Podr\u00e1n solicitarlo aquellos t\u00e9cnicos asociados a AEPEDI de los Niveles : Certificado de T\u00e9cnico Deportivo (TD1) y Los T\u00e9cnicos Deportivos (TD2\u00a0 o TD3) que dispongan de ISIA Stamp <strong>durante las 3 \u00faltimas temporadas\u00a0 seguidas<\/strong> y que cumplan con la normativa Isia Quality Standard (<em>Haber realizado dentro de los tres \u00faltimos a\u00f1os el curso de entrenamiento-actualizaci\u00f3n convocado por A.E.P.E.D.I.<\/em>).<\/p>\n<p class=\"sa-source-wrapper\" style=\"text-align: justify;\"><strong><span style=\"text-decoration: underline;\">Insignia (<\/span>Mod.2<span style=\"text-decoration: underline;\">)<\/span><\/strong>: <em>15\u20ac (Incluido preparaci\u00f3n, embalaje y env\u00edo Certificado exclusivamente a territorio espa\u00f1ol)<\/em><\/p>\n<p class=\"sa-source-wrapper\" style=\"text-align: justify;\">Podr\u00e1n solicitarlo exclusivamente aquellos\u00a0 asociados a AEPEDI, T\u00e9cnicos Deportivos (TD2 o TD3) que dispongan de la ISIA CARD, y del ISIA Stamp <strong>durante las 3 \u00faltimas temporadas\u00a0 seguidas<\/strong> y que cumplan con la normativa Isia Quality Standard (<em>Haber realizado dentro de los tres \u00faltimos a\u00f1os el curso de entrenamiento-actualizaci\u00f3n convocado por A.E.P.E.D.I.<\/em>).<\/p>\n<div class=\"sa-source-wrapper\" style=\"text-align: justify;\"><\/div>\n<p style=\"text-align: justify;\"><a href=\"https:\/\/aepedi.org\/wp-content\/uploads\/2019\/08\/Insignias-ISIA.jpg\"><img loading=\"lazy\" class=\"aligncenter size-full wp-image-1142\" src=\"https:\/\/aepedi.org\/wp-content\/uploads\/2019\/08\/Insignias-ISIA.jpg\" alt=\"insignias-isia\" width=\"300\" height=\"166\" \/><\/a><\/p>\n<blockquote><p><strong>Informaci\u00f3n sobre los pedidos ISIA<\/strong><\/p><\/blockquote>\n<ul>\n<li><strong>Es imprescindible cumplir los requisitos requeridos, para poder solicitar el pin Mod.1 o la Insignia Mod.2<\/strong><\/li>\n<li style=\"text-align: justify;\">El pedido se solicitar\u00e1 a trav\u00e9s de nuestro Mail, indicando en el asunto (Pedido Aepedi) y deber\u00e1 indicarse el N\u00famero de socio en activo de la temporada actual (1 Insignia por socio).<\/li>\n<li style=\"text-align: justify;\">En caso de asociados a trav\u00e9s de Entidades adscritas (Escuelas) el pedido ser\u00e1 realizado directamente por la Entidad adscrita indicando nominalmente para qu\u00e9 profesor concreto es el pedido, esto es; los pedidos de estos productos ISIA ser\u00e1n exclusivamente nominativos.<\/li>\n<li style=\"text-align: justify;\">Junto a la solicitud del pedido se deber\u00e1 de remitir el <span style=\"text-decoration: underline;\">justificante<\/span> de ingreso.<\/li>\n<li style=\"text-align: justify;\">El tiempo de tramitaci\u00f3n de pedidos ser\u00e1 de <span style=\"text-decoration: underline;\">15 a 20 d\u00edas<\/span> aproximadamente.<\/li>\n<li style=\"text-align: justify;\">Los env\u00edos se realizar\u00e1n\u00a0por correo <span style=\"text-decoration: underline;\">certificado<\/span>.<\/li>\n<li style=\"text-align: justify;\">En caso de duda, enviar la consulta a: <strong>aepedioficina@gmail.com<\/strong><\/li>\n<\/ul>\n<p><a href=\"https:\/\/aepedi.org\/wp-content\/uploads\/2020\/07\/Insig-profesor-Nivel-ISIA-Card-e1595489315239.jpg\"><img loading=\"lazy\" class=\"aligncenter size-medium wp-image-2178\" src=\"https:\/\/aepedi.org\/wp-content\/uploads\/2020\/07\/Insig-profesor-Nivel-ISIA-Card-e1595489315239-300x180.jpg\" alt=\"insig-profesor-nivel-isia-card\" width=\"300\" height=\"180\" srcset=\"https:\/\/aepedi.org\/wp-content\/uploads\/2020\/07\/Insig-profesor-Nivel-ISIA-Card-e1595489315239-300x180.jpg 300w, https:\/\/aepedi.org\/wp-content\/uploads\/2020\/07\/Insig-profesor-Nivel-ISIA-Card-e1595489315239.jpg 622w\" sizes=\"(max-width: 300px) 100vw, 300px\" \/><\/a><\/p>\n<p class=\"sa-source-wrapper\"><strong>Enlaces de inter\u00e9s<\/strong><\/p>\n<ul class=\"list-source-links\">\n<li><a href=\"https:\/\/aepedi.org\/wp-content\/uploads\/2025\/02\/2Reglamento-Uso-Logos.pdf\" target=\"_blank\" rel=\"noopener\">Reglamento general de uso de LOGOTIPOS<\/a><\/li>\n<\/ul>\n","protected":false},"excerpt":{"rendered":"<p>Consideraciones previas: La marca A.E.P.E.D.I.\u00a0 y su logotipo constituyen\u00a0 parte\u00a0 de\u00a0 la\u00a0\u00a0Marca Registrada\u00a0 N\u00ba 2.143.896 y N\u00ba 3.034.666 , Registradas<\/p>\n","protected":false},"author":2,"featured_media":0,"parent":0,"menu_order":0,"comment_status":"closed","ping_status":"closed","template":"","meta":[],"_links":{"self":[{"href":"https:\/\/aepedi.org\/index.php?rest_route=\/wp\/v2\/pages\/1647"}],"collection":[{"href":"https:\/\/aepedi.org\/index.php?rest_route=\/wp\/v2\/pages"}],"about":[{"href":"https:\/\/aepedi.org\/index.php?rest_route=\/wp\/v2\/types\/page"}],"author":[{"embeddable":true,"href":"https:\/\/aepedi.org\/index.php?rest_route=\/wp\/v2\/users\/2"}],"replies":[{"embeddable":true,"href":"https:\/\/aepedi.org\/index.php?rest_route=%2Fwp%2Fv2%2Fcomments&post=1647"}],"version-history":[{"count":114,"href":"https:\/\/aepedi.org\/index.php?rest_route=\/wp\/v2\/pages\/1647\/revisions"}],"predecessor-version":[{"id":4493,"href":"https:\/\/aepedi.org\/index.php?rest_route=\/wp\/v2\/pages\/1647\/revisions\/4493"}],"wp:attachment":[{"href":"https:\/\/aepedi.org\/index.php?rest_route=%2Fwp%2Fv2%2Fmedia&parent=1647"}],"curies":[{"name":"wp","href":"https:\/\/api.w.org\/{rel}","templated":true}]}}